ase 6.
1421
Convert -3 (base 5) to base 16.
-3
1 (base 8) to base 11
1
Convert 37 (base 12) to base 9.
47
What is -212 (base 3) in base 4?
-113
Convert -6d (base 16) to base 13.
-85
-1b (base 12) to base 8
-27
What is -32 (base 13) in base 3?
-1112
-21 (base 8) to base 3
-122
1 (base 12) to base 6
1
Convert -14 (base 6) to base 8.
-12
Convert -78 (base 10) to base 15.
-53
-20 (base 3) to base 9
-6
What is 3c (base 15) in base 14?
41
Convert -1 (base 13) to base 11.
-1
Convert -a (base 16) to base 10.
-10
What is 1 (base 4) in base 10?
1
What is -10111100 (base 2) in base 9?
-228
What is 21122 (base 3) in base 15?
db
32 (base 14) to base 5
134
Convert -10 (base 4) to base 16.
-4
What is -32 (base 7) in base 11?
-21
19 (base 13) to base 14
18
Convert -12 (base 13) to base 5.
-30
-3 (base 4) to base 8
-3
Convert -b (base 12) to base 3.
-102
What is 4 (base 10) in base 6?
4
205 (base 7) to base 11
94
Convert 12 (base 8) to base 2.
1010
1 (base 16) to base 10
1
Convert -100010 (base 2) to base 7.
-46
Convert 75 (base 10) to base 13.
5a
What is 173 (base 11) in base 13?
126
0 (base 13) to base 11
0
-9 (base 11) to base 6
-13
What is -332 (base 5) in base 13?
-71
-a4 (base 11) to base 15
-79
What is 2 (base 7) in base 4?
2
-11 (base 12) to base 5
-23
-5 (base 6) to base 15
-5
-13 (base 14) to base 11
-16
Convert -261 (base 7) to base 12.
-b9
What is -236 (base 8) in base 13?
-c2
14 (base 14) to base 5
33
Convert 127 (base 8) to base 16.
57
Convert -1 (base 9) to base 6.
-1
-207 (base 11) to base 3
-100020
Convert 16 (base 7) to base 2.
1101
-18 (base 10) to base 11
-17
-42 (base 6) to base 3
-222
Convert -1012 (base 3) to base 6.
-52
-4 (base 16) to base 10
-4
-20 (base 7) to base 4
-32
Convert 0 (base 12) to base 7.
0
Convert -2 (base 11) to base 7.
-2
Convert -3 (base 5) to base 16.
-3
What is -2 (base 15) in base 5?
-2
What is -d (base 16) in base 12?
-11
Convert 22 (base 16) to base 6.
54
0 (base 15) to base 10
0
-4 (base 11) to base 10
-4
Convert 4 (base 6) to base 15.
4
What is 13 (base 8) in base 6?
15
42 (base 6) to base 7
35
110212 (base 3) to base 6
1335
Convert b (base 14) to base 2.
1011
What is -1 (base 3) in base 13?
-1
Convert 120 (base 11) to base 8.
217
1030 (base 4) to base 8
114
-18 (base 14) to base 11
-20
Convert -4 (base 8) to base 9.
-4
What is -2 (base 13) in base 15?
-2
Convert 1d (base 16) to base 9.
32
What is -42 (base 8) in base 6?
-54
What is 2 (base 7) in base 9?
2
Convert -101 (base 2) to base 9.
-5
Convert -200 (base 3) to base 14.
-14
-1220 (base 3) to base 9
-56
Convert -19 (base 12) to base 16.
-15
What is -220 (base 14) in base 10?
-420
-2211 (base 4) to base 2
-10100101
Convert 110 (base 3) to base 14.
c
What is -21 (base 6) in base 15?
-d
What is 1 (base 13) in base 8?
1
-101 (base 3) to base 7
-13
Convert 109 (base 10) to base 12.
91
What is e0 (base 16) in base 13?
143
Convert -4 (base 13) to base 9.
-4
What is -7 (base 13) in base 9?
-7
What is 6c (base 15) in base 3?
10210
What is -1 (base 9) in base 11?
-1
Convert 64 (base 13) to base 8.
122
What is 6 (base 10) in base 4?
12
Convert -10 (base 2) to base 12.
-2
Convert -3 (base 9) to base 2.
-11
What is 1 (base 6) in base 4?
1
-12 (base 3) to base 7
-5
Convert 214 (base 5) to base 15.
3e
28 (base 9) to base 16
1a
Convert -10 (base 8) to base 5.
-13
Convert -a9 (base 11) to base 13.
-92
What is 12 (base 3) in base 5?
10
What is -6 (base 16) in base 12?
-6
What is -4 (base 15) in base 6?
-4
What is 14 (base 8) in base 11?
11
What is 41 (base 5) in base 2?
10101
Convert -2 (base 8) to base 16.
-2
Convert -60 (base 13) to base 9.
-86
123 (base 4) to base 8
33
What is -24 (base 7) in base 11?
-17
Convert 4 (base 12) to base 6.
4
-2 (base 15) to base 16
-2
-3 (base 5) to base 3
-10
Convert 9a (base 14) to base 7.
253
What is 5 (base 9) in base 4?
11
-b (base 12) to base 5
-21
-1 (base 16) to base 13
-1
Convert 22 (base 3) to base 7.
11
-34 (base 7) to base 12
-21
Convert 314 (base 6) to base 16.
76
Convert 5 (base 6) to base 3.
12
Convert 9 (base 14) to base 11.
9
Convert 1201 (base 3) to base 7.
64
What is -21 (base 9) in base 2?
-10011
10 (base 7) to base 16
7
Convert -211 (base 3) to base 7.
-31
Convert 22 (base 7) to base 4.
100
Convert 0 (base 4) to base 6.
0
Convert 60 (base 8) to base 10.
48
Convert -b (base 12) to base 16.
-b
Convert -91 (base 11) to base 9.
-121
What is 100 (base 2) in base 3?
11
Convert -7 (base 16) to base 15.
-7
4 (base 13) to base 12
4
Convert -3 (base 16) to base 8.
-3
-8 (base 10) to base 12
-8
5 (base 6) to base 14
5
-332 (base 4) to base 10
-62
Convert 1 (base 5) to base 3.
1
What is -95 (base 11) in base 10?
-104
Convert 15 (base 16) to base 12.
19
What is -9 (base 12) in base 16?
-9
What is 1 (base 3) in base 15?
1
What is 3 (base 14) in base 4?
3
26 (base 10) to base 8
32
What is -104 (base 7) in base 5?
-203
Convert 2 (base 6) to base 16.
2
Convert 12 (base 13) to base 14.
11
What is 204 (base 11) in base 15?
116
What is 122 (base 4) in base 10?
26
What is 0 (base 8) in base 12?
0
Convert -45 (base 12) to base 10.
-53
37 (base 14) to base 9
54
What is -6b (base 15) in base 16?
-65
What is -22 (base 3) in base 15?
-8
What is -1411 (base 5) in base 2?
-11100111
-58 (base 11) to base 10
-63
What is 10010000 (base 2) in base 7?
264
0 (base 16) to base 9
0
-2 (base 10) to base 9
-2
-1 (base 12) to base 11
-1
-51 (base 7) to base 12
-30
What is 77 (base 11) in base 4?
1110
Convert 110011 (base 2) to base 10.
51
Convert -2121 (base 3) to base 2.
-1000110
Convert 24 (base 10) to base 7.
33
What is 1212 (base 3) in base 15?
35
Convert -11 (base 11) to base 4.
-30
What is -10 (base 4) in base 7?
-4
What is -1111110 (base 2) in base 14?
-90
What is 10 (base 7) in base 10?
7
-11 (base 16) to base 13
-14
-174 (base 8) to base 10
-124
What is 253 (base 6) in base 15?
70
Convert -205 (base 6) to base 4.
-1031
Convert 34 (base 6) to base 7.
31
What is 20 (base 13) in base 3?
222
-a (base 12) to base 6
-14
Convert -271 (base 11) to base 6.
-1252
What is -11 (base 5) in base 16?
-6
What is -4 (base 14) in base 8?
-4
1002 (base 3) to base 2
11101
Convert 2 (base 3) to base 15.
2
What is -5c (base 16) in base 6?
-232
Convert a7 (base 12) to base 14.
91
What is -271 (base 9) in base 11?
-196
What is -2 (base 11) in base 13?
-2
Convert 15 (base 6) to base 14.
b
Convert 140 (base 5) to base 3.
1200
Convert -b (base 13) to base 2.
-1011
What is -21 (base 7) in base 12?
-13
What is 1b (base 16) in base 9?
30
Convert -1 (base 9) to base 3.
-1
-13 (base 13) to base 14
-12
Convert -10 (base 14) to base 9.
-15
What is 0 (base 11) in base 4?
0
What is -1b (base 16) in base 11?
-25
What is 435 (base 7) in base 5?
1342
-35 (base 13) to base 5
-134
121 (base 4) to base 13
1c
What is -1 (base 13) in base 4?
-1
What is -10 (base 9) in base 7?
-12
60 (base 13) to base 9
86
12 (base 9) to base 7
14
2 (base 16) to base 12
2
-7 (base 12) to base 3
-21
-12 (base 5) to base 2
-111
What is -11 (base 2) in base 10?
-3
Convert -48 (base 9) to base 6.
-112
What is -13 (base 10) in base 2?
-1101
What is c (base 14) in base 13?
c
What is -53 (base 6) in base 13?
-27
-1 (base 10) to base 4
-1
What is -2 (base 3) in base 9?
-2
-1011001 (base 2) to base 15
-5e
Convert 1 (base 14) to base 11.
1
Convert -2 (base 5) to base 12.
-2
Convert 22 (base 5) to base 4.
30
Convert 3 (base 15) to base 14.
3
1000000 (base 2) to base 12
54
Convert 19 (base 16) to base 9.
27
126 (base 14) to base 16
e6
-144 (base 7) to base 3
-10000
110 (base 6) to base 4
222
Convert 14 (base 9) to base 5.
23
222 (base 12) to base 9
378
What is -11 (base 9) in base 8?
-12
What is -13 (base 9) in base 11?
-11
Convert -38 (base 15) to base 11.
-49
Convert 2 (base 15) to base 16.
2
Convert -2 (base 6) to base 5.
-2
Convert 12 (base 5) to base 14.
7
-4 (base 13) to base 11
-4
Convert 30 (base 5) to base 9.
16
1 (base 11) to base 10
1
Convert 41 (base 5) to base 10.
21
Convert 205 (base 9) to base 15.
b2
What is 6 (base 10) in base 4?
12
123 (base 7) to base 8
102
-83 (base 11) to base 13
-70
22 (base 6) to base 15
e
Convert -5 (base 6) to base 14.
-5
What is 104 (base 5) in base 11?
27
Convert -7 (base 9) to base 11.
-7
Convert 124 (base 5) to base 10.
39
122 (base 4) to base 2
11010
Convert -33 (base 9) to